{"id":5411,"date":"2019-04-18T14:44:56","date_gmt":"2019-04-18T14:44:56","guid":{"rendered":"http:\/\/10.1.5.53\/?page_id=5411"},"modified":"2022-01-10T09:08:01","modified_gmt":"2022-01-10T09:08:01","slug":"mot-du-directeur","status":"publish","type":"page","link":"https:\/\/www.cdta.dz\/fr\/cdta\/presentation-du-cdta\/mot-du-directeur\/","title":{"rendered":"Mot du directeur"},"content":{"rendered":"<p>[vc_row css=\u00a0\u00bb.vc_custom_1557760531724{margin-right: 0px !important;margin-left: 0px !important;background-color: #ffffff !important;}\u00a0\u00bb el_class=\u00a0\u00bbsite-block white\u00a0\u00bb][vc_column css=\u00a0\u00bb.vc_custom_1557760590216{padding-top: 0px !important;background-color: #ffffff !important;}\u00a0\u00bb][vc_column_text el_class=\u00a0\u00bbtext-justify\u00a0\u00bb css=\u00a0\u00bb.vc_custom_1570118332503{background-color: #ffffff !important;}\u00a0\u00bb]<img loading=\"lazy\" decoding=\"async\" class=\"wp-image-113311 alignright\" src=\"https:\/\/www.cdta.dz\/wp-content\/uploads\/2022\/01\/directeur-cdta-2-1-300x205.png\" alt=\"\" width=\"546\" height=\"374\" srcset=\"https:\/\/www.cdta.dz\/wp-content\/uploads\/2022\/01\/directeur-cdta-2-1-300x205.png 300w, https:\/\/www.cdta.dz\/wp-content\/uploads\/2022\/01\/directeur-cdta-2-1-768x524.png 768w, https:\/\/www.cdta.dz\/wp-content\/uploads\/2022\/01\/directeur-cdta-2-1.png 1008w\" sizes=\"auto, (max-width: 546px) 100vw, 546px\" \/><\/p>\n<h3 align=\"justify\"><strong><span style=\"font-family: Times New Roman, serif;\"><span style=\"font-size: medium;\"><span style=\"color: #2c3e50;\"><span style=\"font-family: Helvetica, serif;\"><span style=\"font-size: small;\">Le CDTA<\/span><\/span><\/span><\/span><\/span><\/strong> <strong><span style=\"font-family: Times New Roman, serif;\"><span style=\"font-size: medium;\"><span style=\"color: #2c3e50;\"><span style=\"font-family: Helvetica, serif;\"><span style=\"font-size: small;\">boucle <\/span><\/span><\/span><\/span><\/span><\/strong><strong><span style=\"font-family: Times New Roman, serif;\"><span style=\"font-size: medium;\"><span style=\"color: #2c3e50;\"><span style=\"font-family: Helvetica, serif;\"><span style=\"font-size: small;\">son quatri\u00e8me d\u00e9cennal d\u2019existence en tant qu\u2019entit\u00e9 de Recherche, bien qu\u2019officiellement \u00e9rig\u00e9 en 1988 en Centre, avec l\u2019essentiel de sa structuration scientifique actuelle. Ses fondateurs scientifiques, que nous saluons, promouvaient une vision \u00e0 long terme qui a bel et bien montr\u00e9 sa justesse jusqu\u2019\u00e0 nos jours o\u00f9 l\u2019essentiel des domaines reste d\u2019actualit\u00e9. Le passage, il y a vingt ans, au statut d\u2019EPST\u00a0: Etablissement Public \u00e0 caract\u00e8re Scientifique et Technologique, a consacr\u00e9 express\u00e9ment la vocation de la recherche scientifique et du d\u00e9veloppement technologique en tant que service public dot\u00e9 de m\u00e9canismes de valorisation de ses produits dans le secteur socio\u00e9conomique. Ces derniers ont \u00e9t\u00e9 r<\/span><\/span><\/span><\/span><\/span><\/strong><strong><span style=\"font-family: Times New Roman, serif;\"><span style=\"font-size: medium;\"><span style=\"color: #2c3e50;\"><span style=\"font-family: Helvetica, serif;\"><span style=\"font-size: small;\">enforc\u00e9s les cinq derni\u00e8res ann\u00e9es avec la cr\u00e9ation en son sein de plateformes technologiques d\u00e9di\u00e9es. Notre objectif central est de prendre appui sur la dynamique lanc\u00e9e il y a quatre ann\u00e9es sous le mandat du d\u00e9funt Prof. Ghouti MERAD, que nous nous inclinons devant sa m\u00e9moire, afin de rentabiliser ces m\u00e9canismes par la prise en charge, conjointe avec nos partenaires, des probl\u00e9matiques d\u2019envergure nationale n\u00e9cessitant des solutions techniques et\/ou technologiques. Bien des produits ont \u00e9t\u00e9 valoris\u00e9s avec des partenaires publics et priv\u00e9s du CDTA et bien d\u2019autres, achev\u00e9s ou en cours de finalisation, attendent leur valorisation. <\/span><\/span><\/span><\/span><\/span><\/strong><\/h3>\n<h3 align=\"justify\"><strong><span style=\"font-family: Times New Roman, serif;\"><span style=\"font-size: medium;\"><span style=\"color: #2c3e50;\"><span style=\"font-family: Helvetica, serif;\"><span style=\"font-size: small;\">A pr\u00e9sent, le Centre prend en charge un bouquet de programmes de recherche financ\u00e9s, pour l\u2019essentiel des projets (75%), sur fonds publics attribu\u00e9s directement par l\u2019Etat. Les autres fonds proviennent des sollicitations re\u00e7us des partenaires publics et priv\u00e9s int\u00e9ress\u00e9s \u00e0 voir la recherche du CDTA prendre en charge leurs probl\u00e9matiques \u00e0 travers des solutions\/produits adapt\u00e9s, constituant ainsi le programme de partenariat de l\u2019Etablissement qui r\u00e9alise de facto ses missions statutaires. Ces partenariats seront renforc\u00e9s davantage pour le bien \u00eatre quotidien du citoyen\u00a0en relation avec : l\u2019agriculture, les transports, la sant\u00e9, le num\u00e9rique, l\u2019industrie, l\u2019eau, l\u2019\u00e9nergie et l\u2019environnement. Une telle orientation a d\u00e9j\u00e0 engag\u00e9 le Centre avec neuf secteurs d\u2019activit\u00e9s, consacrant par-l\u00e0 sa vocation intersectorielle. <\/span><\/span><\/span><\/span><\/span><\/strong><\/h3>\n<h3 align=\"justify\"><strong><span style=\"font-family: Times New Roman, serif;\"><span style=\"font-size: medium;\"><span style=\"color: #2c3e50;\"><span style=\"font-family: Helvetica, serif;\"><span style=\"font-size: small;\">Nous tenons \u00e0 rassurer nos partenaires socio\u00e9conomiques et acad\u00e9miques quant au renforcement de nos capacit\u00e9s de prise en charge de leurs pr\u00e9occupations techniques, technologiques et de formation. Celles-ci seront doublement consid\u00e9r\u00e9es\u00a0: et par le d\u00e9veloppement de solutions en interne et par le d\u00e9ploiement de nos personnels en tant qu\u2019experts sur leur terrain op\u00e9rationnel. <\/span><\/span><\/span><\/span><\/span><\/strong><\/h3>\n<h3 align=\"justify\"><strong><span style=\"font-family: Times New Roman, serif;\"><span style=\"font-size: medium;\"><span style=\"color: #2c3e50;\"><span style=\"font-family: Helvetica, serif;\"><span style=\"font-size: small;\">Le CDTA est fier d\u2019avoir toujours pu compter sur le soutien ind\u00e9fectible de la Direction G\u00e9n\u00e9rale de la Recherche Scientifique et du D\u00e9veloppement Technologique dans la r\u00e9alisation de ses missions sous l\u2019orientation du Minist\u00e8re de l\u2019Enseignement Sup\u00e9rieur et de la Recherche Scientifique. Cette d\u00e9marche a fait que le Centre agisse en acteur dynamique dans tous les programmes\/actions\/\u00e9v\u00e8nements que lancent la tutelle en propre ou en partenariat avec d\u2019autres secteurs. Ce soutien et ces orientations, nous les percevons en signes de confiance que nous t\u00e2chons inlassablement \u00e0 honorer. <\/span><\/span><\/span><\/span><\/span><\/strong><\/h3>\n<h3 style=\"text-align: right;\" align=\"justify\"><strong><span style=\"font-family: Times New Roman, serif;\"><span style=\"font-size: medium;\"><span style=\"color: #000000;\"><span style=\"font-family: Helvetica, serif;\"><span style=\"font-size: small;\"><strong>Dr Moham<\/strong>med TRAICHE, Directeur<\/span><\/span><\/span><\/span><\/span><\/strong><\/h3>\n<p>[\/vc_column_text][\/vc_column][\/vc_row]<\/p>\n","protected":false},"excerpt":{"rendered":"<p>[vc_row css=\u00a0\u00bb.vc_custom_1557760531724{margin-right: 0px !important;margin-left: 0px !important;background-color: #ffffff !important;}\u00a0\u00bb el_class=\u00a0\u00bbsite-block white\u00a0\u00bb][vc_column css=\u00a0\u00bb.vc_custom_1557760590216{padding-top: 0px !important;background-color: #ffffff !important;}\u00a0\u00bb][vc_column_text el_class=\u00a0\u00bbtext-justify\u00a0\u00bb css=\u00a0\u00bb.vc_custom_1570118332503{background-color: #ffffff !important;}\u00a0\u00bb] Le CDTA boucle son quatri\u00e8me d\u00e9cennal d\u2019existence en tant qu\u2019entit\u00e9 de Recherche, bien qu\u2019officiellement \u00e9rig\u00e9 en 1988 en Centre, avec l\u2019essentiel de sa structuration scientifique actuelle. Ses fondateurs scientifiques, que nous saluons, promouvaient une vision \u00e0 [&hellip;]<\/p>\n","protected":false},"author":46,"featured_media":2195,"parent":5536,"menu_order":0,"comment_status":"closed","ping_status":"closed","template":"visual-page.php","meta":{"footnotes":""},"class_list":["post-5411","page","type-page","status-publish","has-post-thumbnail","hentry"],"_links":{"self":[{"href":"https:\/\/www.cdta.dz\/fr\/wp-json\/wp\/v2\/pages\/5411\/"}],"collection":[{"href":"https:\/\/www.cdta.dz\/fr\/wp-json\/wp\/v2\/pages\/"}],"about":[{"href":"https:\/\/www.cdta.dz\/fr\/wp-json\/wp\/v2\/types\/page\/"}],"author":[{"embeddable":true,"href":"https:\/\/www.cdta.dz\/fr\/wp-json\/wp\/v2\/users\/46\/"}],"replies":[{"embeddable":true,"href":"https:\/\/www.cdta.dz\/fr\/wp-json\/wp\/v2\/comments\/?post=5411"}],"version-history":[{"count":8,"href":"https:\/\/www.cdta.dz\/fr\/wp-json\/wp\/v2\/pages\/5411\/revisions\/"}],"predecessor-version":[{"id":113315,"href":"https:\/\/www.cdta.dz\/fr\/wp-json\/wp\/v2\/pages\/5411\/revisions\/113315\/"}],"up":[{"embeddable":true,"href":"https:\/\/www.cdta.dz\/fr\/wp-json\/wp\/v2\/pages\/5536\/"}],"wp:featuredmedia":[{"embeddable":true,"href":"https:\/\/www.cdta.dz\/fr\/wp-json\/wp\/v2\/media\/2195\/"}],"wp:attachment":[{"href":"https:\/\/www.cdta.dz\/fr\/wp-json\/wp\/v2\/media\/?parent=5411"}],"curies":[{"name":"wp","href":"https:\/\/api.w.org\/{rel}","templated":true}]}}

<p>[vc_row css= ».vc_custom_1557760531724{margin-right: 0px !important;margin-left: 0px !important;background-color: #ffffff !important;} » el_class= »site-block white »][vc_column css= ».vc_custom_1557760590216{padding-top: 0px !important;background-color: #ffffff !important;} »][vc_column_text el_class= »text-justify » css= ».vc_custom_1570118332503{background-color: #ffffff !important;} »]<img loading="lazy" decoding="async" class="wp-image-113311 alignright" src="https://www.cdta.dz/wp-content/uploads/2022/01/directeur-cdta-2-1-300x205.png" alt="" width="546" height="374" srcset="https://www.cdta.dz/wp-content/uploads/2022/01/directeur-cdta-2-1-300x205.png 300w, https://www.cdta.dz/wp-content/uploads/2022/01/directeur-cdta-2-1-768x524.png 768w, https://www.cdta.dz/wp-content/uploads/2022/01/directeur-cdta-2-1.png 1008w" sizes="auto, (max-width: 546px) 100vw, 546px" /></p>
<h3 align="justify"><strong><span style="font-family: Times New Roman, serif;"><span style="font-size: medium;"><span style="color: #2c3e50;"><span style="font-family: Helvetica, serif;"><span style="font-size: small;">Le CDTA</span></span></span></span></span></strong> <strong><span style="font-family: Times New Roman, serif;"><span style="font-size: medium;"><span style="color: #2c3e50;"><span style="font-family: Helvetica, serif;"><span style="font-size: small;">boucle </span></span></span></span></span></strong><strong><span style="font-family: Times New Roman, serif;"><span style="font-size: medium;"><span style="color: #2c3e50;"><span style="font-family: Helvetica, serif;"><span style="font-size: small;">son quatrième décennal d’existence en tant qu’entité de Recherche, bien qu’officiellement érigé en 1988 en Centre, avec l’essentiel de sa structuration scientifique actuelle. Ses fondateurs scientifiques, que nous saluons, promouvaient une vision à long terme qui a bel et bien montré sa justesse jusqu’à nos jours où l’essentiel des domaines reste d’actualité. Le passage, il y a vingt ans, au statut d’EPST : Etablissement Public à caractère Scientifique et Technologique, a consacré expressément la vocation de la recherche scientifique et du développement technologique en tant que service public doté de mécanismes de valorisation de ses produits dans le secteur socioéconomique. Ces derniers ont été r</span></span></span></span></span></strong><strong><span style="font-family: Times New Roman, serif;"><span style="font-size: medium;"><span style="color: #2c3e50;"><span style="font-family: Helvetica, serif;"><span style="font-size: small;">enforcés les cinq dernières années avec la création en son sein de plateformes technologiques dédiées. Notre objectif central est de prendre appui sur la dynamique lancée il y a quatre années sous le mandat du défunt Prof. Ghouti MERAD, que nous nous inclinons devant sa mémoire, afin de rentabiliser ces mécanismes par la prise en charge, conjointe avec nos partenaires, des problématiques d’envergure nationale nécessitant des solutions techniques et/ou technologiques. Bien des produits ont été valorisés avec des partenaires publics et privés du CDTA et bien d’autres, achevés ou en cours de finalisation, attendent leur valorisation. </span></span></span></span></span></strong></h3>
<h3 align="justify"><strong><span style="font-family: Times New Roman, serif;"><span style="font-size: medium;"><span style="color: #2c3e50;"><span style="font-family: Helvetica, serif;"><span style="font-size: small;">A présent, le Centre prend en charge un bouquet de programmes de recherche financés, pour l’essentiel des projets (75%), sur fonds publics attribués directement par l’Etat. Les autres fonds proviennent des sollicitations reçus des partenaires publics et privés intéressés à voir la recherche du CDTA prendre en charge leurs problématiques à travers des solutions/produits adaptés, constituant ainsi le programme de partenariat de l’Etablissement qui réalise de facto ses missions statutaires. Ces partenariats seront renforcés davantage pour le bien être quotidien du citoyen en relation avec : l’agriculture, les transports, la santé, le numérique, l’industrie, l’eau, l’énergie et l’environnement. Une telle orientation a déjà engagé le Centre avec neuf secteurs d’activités, consacrant par-là sa vocation intersectorielle. </span></span></span></span></span></strong></h3>
<h3 align="justify"><strong><span style="font-family: Times New Roman, serif;"><span style="font-size: medium;"><span style="color: #2c3e50;"><span style="font-family: Helvetica, serif;"><span style="font-size: small;">Nous tenons à rassurer nos partenaires socioéconomiques et académiques quant au renforcement de nos capacités de prise en charge de leurs préoccupations techniques, technologiques et de formation. Celles-ci seront doublement considérées : et par le développement de solutions en interne et par le déploiement de nos personnels en tant qu’experts sur leur terrain opérationnel. </span></span></span></span></span></strong></h3>
<h3 align="justify"><strong><span style="font-family: Times New Roman, serif;"><span style="font-size: medium;"><span style="color: #2c3e50;"><span style="font-family: Helvetica, serif;"><span style="font-size: small;">Le CDTA est fier d’avoir toujours pu compter sur le soutien indéfectible de la Direction Générale de la Recherche Scientifique et du Développement Technologique dans la réalisation de ses missions sous l’orientation du Ministère de l’Enseignement Supérieur et de la Recherche Scientifique. Cette démarche a fait que le Centre agisse en acteur dynamique dans tous les programmes/actions/évènements que lancent la tutelle en propre ou en partenariat avec d’autres secteurs. Ce soutien et ces orientations, nous les percevons en signes de confiance que nous tâchons inlassablement à honorer. </span></span></span></span></span></strong></h3>
<h3 style="text-align: right;" align="justify"><strong><span style="font-family: Times New Roman, serif;"><span style="font-size: medium;"><span style="color: #000000;"><span style="font-family: Helvetica, serif;"><span style="font-size: small;"><strong>Dr Moham</strong>med TRAICHE, Directeur</span></span></span></span></span></strong></h3>
<p>[/vc_column_text][/vc_column][/vc_row]</p>

<p>[vc_row css= ».vc_custom_1557760531724{margin-right: 0px !important;margin-left: 0px !important;background-color: #ffffff !important;} » el_class= »site-block white »][vc_column css= ».vc_custom_1557760590216{padding-top: 0px !important;background-color: #ffffff !important;} »][vc_column_text el_class= »text-justify » css= ».vc_custom_1570118332503{background-color: #ffffff !important;} »] Le CDTA boucle son quatrième décennal d’existence en tant qu’entité de Recherche, bien qu’officiellement érigé en 1988 en Centre, avec l’essentiel de sa structuration scientifique actuelle. Ses fondateurs scientifiques, que nous saluons, promouvaient une vision à [&hellip;]</p>
