{"id":7684,"date":"2019-09-19T10:10:50","date_gmt":"2019-09-19T10:10:50","guid":{"rendered":"http:\/\/10.1.5.53\/?page_id=7684"},"modified":"2019-10-15T13:19:32","modified_gmt":"2019-10-15T13:19:32","slug":"formation-en-photolithographie-2","status":"publish","type":"page","link":"https:\/\/www.cdta.dz\/fr\/recherche-et-technologie\/plateformes-technologiques\/plateforme-de-micro-fabrication\/formation-et-prestations\/formation-en-photolithographie-2\/","title":{"rendered":"Formation en Photolithographie"},"content":{"rendered":"<h1 class=\"spip\"><span style=\"color: #4f81ba\">Formation en Photolithographie<\/span><\/h1>\n<p>La formation en photolithographie est compos\u00e9e de deux volets th\u00e9orique et pratique. Elle renseigne sur les diff\u00e9rentes \u00e9tapes en lithographie et les tests d&rsquo;inspection associ\u00e9s telles que la pr\u00e9paration du substrat, d\u00e9p\u00f4t, \u00e9talement et d\u00e9veloppement de la r\u00e9sine photosensible, insolation au rayonnement UV et d\u00e9veloppement de la r\u00e9sine photosensible apr\u00e8s rayonnement.<\/p>\n<h3 class=\"spip\"><span style=\"color: #4f81ba\">Programme de la formation\u00a0:<\/span><\/h3>\n<h3 class=\"spip\"><span style=\"color: #4f81ba\">1. Formation th\u00e9orique\u00a0:<\/span><\/h3>\n<p>Un cours sous forme de pr\u00e9sentation introduit le concept de la photolithographie et d\u00e9crit toutes les \u00e9tapes du proc\u00e9d\u00e9 de photolithographie. Le programme est comme suit :<\/p>\n<ul>\n<li style=\"list-style-type: none\">\n<ul>\n<li style=\"list-style-type: none\">\n<ul class=\"spip\">\n<li>introduction au concept de la salle blanche et description de la zone de lithographie;<\/li>\n<li>principe et types de lithographie;<\/li>\n<li>composants de la lithographie;<\/li>\n<li>techniques de lithographie et proc\u00e9d\u00e9 de photolithographie;<\/li>\n<li>optique de photolithographie par projection.<\/li>\n<\/ul>\n<\/li>\n<\/ul>\n<\/li>\n<\/ul>\n<p><span style=\"color: #0000ff\"><span style=\"color: #000080\">Dur\u00e9e<\/span>\u00a0<\/span>: Demi-journ\u00e9e<\/p>\n<h3 class=\"spip\"><span style=\"color: #4f81ba\">2. Formation pratique\u00a0:<\/span><\/h3>\n<p>La formation pratique s\u2019appuie sur l\u2019utilisation des \u00e9quipements de photolithographie disponibles en salle blanche pour la r\u00e9alisation des \u00e9tapes suivantes :<\/p>\n<ul>\n<li style=\"list-style-type: none\">\n<ul>\n<li style=\"list-style-type: none\">\n<ul class=\"spip\">\n<li>pr\u00e9paration du substrat du wafer et d\u00e9p\u00f4t du Promoteur d\u2019adh\u00e9rence;<\/li>\n<li>d\u00e9p\u00f4t et \u00e9talement de la r\u00e9sine photosensible (spin coating);<\/li>\n<li>alignement et exposition du r\u00e9sine photosensible avec UV\/I-line 365 \u03bcm;<\/li>\n<li>d\u00e9veloppement de la r\u00e9sine photosensible.<\/li>\n<\/ul>\n<\/li>\n<\/ul>\n<\/li>\n<\/ul>\n<p><span style=\"color: #000080\">Dur\u00e9e\u00a0:<\/span> Demi-journ\u00e9e<\/p>\n","protected":false},"excerpt":{"rendered":"<p>Formation en Photolithographie La formation en photolithographie est compos\u00e9e de deux volets th\u00e9orique et pratique. Elle renseigne sur les diff\u00e9rentes \u00e9tapes en lithographie et les tests d&rsquo;inspection associ\u00e9s telles que la pr\u00e9paration du substrat, d\u00e9p\u00f4t, \u00e9talement et d\u00e9veloppement de la r\u00e9sine photosensible, insolation au rayonnement UV et d\u00e9veloppement de la r\u00e9sine photosensible apr\u00e8s rayonnement. Programme [&hellip;]<\/p>\n","protected":false},"author":46,"featured_media":2195,"parent":6076,"menu_order":0,"comment_status":"closed","ping_status":"closed","template":"division-page.php","meta":{"footnotes":""},"class_list":["post-7684","page","type-page","status-publish","has-post-thumbnail","hentry"],"_links":{"self":[{"href":"https:\/\/www.cdta.dz\/fr\/wp-json\/wp\/v2\/pages\/7684\/"}],"collection":[{"href":"https:\/\/www.cdta.dz\/fr\/wp-json\/wp\/v2\/pages\/"}],"about":[{"href":"https:\/\/www.cdta.dz\/fr\/wp-json\/wp\/v2\/types\/page\/"}],"author":[{"embeddable":true,"href":"https:\/\/www.cdta.dz\/fr\/wp-json\/wp\/v2\/users\/46\/"}],"replies":[{"embeddable":true,"href":"https:\/\/www.cdta.dz\/fr\/wp-json\/wp\/v2\/comments\/?post=7684"}],"version-history":[{"count":0,"href":"https:\/\/www.cdta.dz\/fr\/wp-json\/wp\/v2\/pages\/7684\/revisions\/"}],"up":[{"embeddable":true,"href":"https:\/\/www.cdta.dz\/fr\/wp-json\/wp\/v2\/pages\/6076\/"}],"wp:featuredmedia":[{"embeddable":true,"href":"https:\/\/www.cdta.dz\/fr\/wp-json\/wp\/v2\/media\/2195\/"}],"wp:attachment":[{"href":"https:\/\/www.cdta.dz\/fr\/wp-json\/wp\/v2\/media\/?parent=7684"}],"curies":[{"name":"wp","href":"https:\/\/api.w.org\/{rel}","templated":true}]}}

<h1 class="spip"><span style="color: #4f81ba">Formation en Photolithographie</span></h1>
<p>La formation en photolithographie est composée de deux volets théorique et pratique. Elle renseigne sur les différentes étapes en lithographie et les tests d&rsquo;inspection associés telles que la préparation du substrat, dépôt, étalement et développement de la résine photosensible, insolation au rayonnement UV et développement de la résine photosensible après rayonnement.</p>
<h3 class="spip"><span style="color: #4f81ba">Programme de la formation :</span></h3>
<h3 class="spip"><span style="color: #4f81ba">1. Formation théorique :</span></h3>
<p>Un cours sous forme de présentation introduit le concept de la photolithographie et décrit toutes les étapes du procédé de photolithographie. Le programme est comme suit :</p>
<ul>
<li style="list-style-type: none">
<ul>
<li style="list-style-type: none">
<ul class="spip">
<li>introduction au concept de la salle blanche et description de la zone de lithographie;</li>
<li>principe et types de lithographie;</li>
<li>composants de la lithographie;</li>
<li>techniques de lithographie et procédé de photolithographie;</li>
<li>optique de photolithographie par projection.</li>
</ul>
</li>
</ul>
</li>
</ul>
<p><span style="color: #0000ff"><span style="color: #000080">Durée</span> </span>: Demi-journée</p>
<h3 class="spip"><span style="color: #4f81ba">2. Formation pratique :</span></h3>
<p>La formation pratique s’appuie sur l’utilisation des équipements de photolithographie disponibles en salle blanche pour la réalisation des étapes suivantes :</p>
<ul>
<li style="list-style-type: none">
<ul>
<li style="list-style-type: none">
<ul class="spip">
<li>préparation du substrat du wafer et dépôt du Promoteur d’adhérence;</li>
<li>dépôt et étalement de la résine photosensible (spin coating);</li>
<li>alignement et exposition du résine photosensible avec UV/I-line 365 μm;</li>
<li>développement de la résine photosensible.</li>
</ul>
</li>
</ul>
</li>
</ul>
<p><span style="color: #000080">Durée :</span> Demi-journée</p>

<p>Formation en Photolithographie La formation en photolithographie est composée de deux volets théorique et pratique. Elle renseigne sur les différentes étapes en lithographie et les tests d&rsquo;inspection associés telles que la préparation du substrat, dépôt, étalement et développement de la résine photosensible, insolation au rayonnement UV et développement de la résine photosensible après rayonnement. Programme [&hellip;]</p>
